 -10*t + 17 = -8*t - 5*i. What is the tens digit of h(t)?
6
Let a(v) = v**3 + 8*v**2 - 4*v + 2. Let w be a(-7). Suppose 2*s - w = 113. What is the units digit of s?
6
Suppose -5*c = -5*x - 217395, -130421 = -2*c - c - 5*x. What is the units digit of c?
7
Suppose 0 = r - 3 - 7. Suppose 2*k - 2*b = k + 8, b + r = 2*k. Suppose i - 4*y - 101 = 0, i + k*y - 47 = 22. What is the units digit of i?
5
Suppose 6*t + 2184 = 3*l + 7*t, -4*l + 2*t + 2922 = 0. Suppose -l = -3*g + 5*a, -g + 486 = g - a. What is the units digit of g?
3
What is the thousands digit of 568/6*(5 + 2724/96)*2?
6
Suppose 0 = -8*d + 65991 + 47297. What is the thousands digit of d?
4
Let w(x) = -17*x**3 + 3*x**2 - 10. Let q = 145 - 148. What is the hundreds digit of w(q)?
4
Suppose 2*v + 257 = 4*i + 2439, 3*v + 15 = 0. Let c be 3 - (i/(-7) + (-8)/28). Let u = c - -109. What is the tens digit of u?
3
Let z = -894 + 1689. Let w = 443 + z. What is the thousands digit of w?
1
Let p = -15997 + 30225. What is the tens digit of p?
2
Suppose 7*s - 4 = -4. Suppose -8*k + 9*k + 20 = s. What is the tens digit of ((-1)/(2/k))/1?
1
Suppose -6319*f = -6307*f - 259140. What is the tens digit of f?
9
Let f = -58 + 61. Suppose -434 - 121 = -q - f*i, 2*q - 1090 = -i. What is the tens digit of q?
4
Let r be (-748)/(-14) - 12/(-21). Suppose -12*b = -r*b + 26502. What is the hundreds digit of b?
6
Suppose -2*t = -5*q + 119445, -51910 = -2*q - 2*t - 4146. What is the units digit of q?
7
Let a(z) = -8 - 9 - 3*z**2 - 35 + 6*z**2 - 7*z - 7*z. What is the hundreds digit of a(-15)?
8
What is the thousands digit of (3 - 8) + (6 - 4) + 33914?
3
Suppose 3*i = 6, -y + i + 3*i + 121 = 0. Let k = y + -72. What is the units digit of k?
7
Let c(f) = -f. Let j(t) be the second derivative of t**3/6 + 43*t**2/2 + 6*t. Let z(b) = -4*c(b) + j(b). What is the units digit of z(19)?
8
Suppose -21 = -u - 2*v, 27 = 2*u - 2*v - 33. Suppose 3 = -5*q - u. Let s(l) = 3*l**2 + 11*l + 26. What is the units digit of s(q)?
8
Let j be -4 - 4/2*(-3)/(-2). Let y be (-14)/j + 684 + 0. Suppose -i - 3*m = -4*i + 507, 4*i - y = 2*m. What is the tens digit of i?
7
Suppose -26*a + 107940 = -31*a + 17*a. What is the hundreds digit of a?
9
Let x = 33 + -30. Suppose -5*u + 2 = -4*p, x*u + p - 8 = -0*u. Suppose 0*j - 2*j + 4*g + 196 = 0, u*g - 110 = -j. What is the hundreds digit of j?
1
Suppose 5*n - 12 = 4*w, -26 = -4*n - 5*w - 0*w. Suppose -n*p + p = -12. Suppose -5*j + 145 = 2*d, -3*j + 7*d = p*d - 87. What is the tens digit of j?
2
Let x(q) = 0 - 3 + 13*q**2 + 6*q - 6 - 36 - 12*q. What is the units digit of x(-6)?
9
What is the tens digit of -1435*4*615/(-100)?
0
Let i = 72447 - 31455. What is the hundreds digit of i?
9
Let h(u) = 5*u**3 - 32*u**2 - 8*u - 3. Let v be h(6). Let c = v + 650. What is the hundreds digit of c?
5
Suppose 14 = -9*g + 50. Suppose -g*u = -12*u + 8. What is the tens digit of (-11628)/(-187) + ((-18)/(-22) - u)?
6
What is the tens digit of 210/75*40*23?
7
Suppose 24*z = 20*z + 3*i + 19366, z - 4839 = 2*i. What is the tens digit of z?
4
What is the ten thousands digit of (42/(-16))/((-9)/204)*(-33 + 1299)?
7
Let f(w) = -111*w + 539. What is the hundreds digit of f(-51)?
2
Let d = 66 + 12. Let j = 150 - d. What is the tens digit of j?
7
Let k = 138 + -137. Let v(m) = -454*m**2 + 3*m - 1. Let p(d) = -227*d**2 + d. Let u(g) = -7*p(g) + 3*v(g). What is the tens digit of u(k)?
2
Suppose i = 5 - 4, 5*i - 83 = 3*f. Let o(x) = x**2 - 3*x + 248. What is the hundreds digit of o(f)?
0
Let q(i) = -i**3 - 18*i**2 + 38*i + 37. Let l be q(-20). Suppose 0 = -2*a + 1 + 5. Suppose -a = p - l. What is the tens digit of p?
7
Suppose 4*x = 4*f - 2888, 2*f - 2878 = -2*f + 2*x. Suppose -1023 = -10*n + f. Suppose 0 = b + 2*b - n. What is the tens digit of b?
5
Let h(c) = 146*c**2 - 19*c + 285. What is the ten thousands digit of h(14)?
2
Suppose 0 = 2*r - 4*z - 5 + 13, -4 = r - 4*z. What is the tens digit of 452*(42/8 + -1 + r)?
1
Suppose -16*a = -4*g - 13*a + 144454, -3*g - 4*a + 108303 = 0. What is the hundreds digit of g?
1
Let m(h) = 2192*h + 4697. What is the tens digit of m(35)?
1
Suppose h + 102192 = 5*s, 3*s - 61276 = -h - 4*h. What is the hundreds digit of s?
4
Let a(p) = p**3 - 4*p**2 - 4*p - 12. Let h(l) = -2*l - 35. Let i be h(-20). Let j be a(i). Let x(s) = -10*s - 22. What is the units digit of x(j)?
8
Suppose 2*i = 4389 + 3393. Suppose -k = -4*v + i, -11*v + 2937 = -8*v + 3*k. What is the hundreds digit of v?
9
What is the thousands digit of 12/(-15) + 70145/25?
2
Let t = -51 - -54. Suppose -t = -h + 14. Suppose 3*c - h = 34. What is the tens digit of c?
1
What is the thousands digit of (7795/3)/(10/30)?
7
Let z = 14282 - -30191. What is the thousands digit of z?
4
Let l = -35502 + 51178. What is the ten thousands digit of l?
1
Let h(c) = c + 1. Let t(z) = -30*z + 132. Let o(n) = -h(n) + t(n). What is the hundreds digit of o(-40)?
3
Suppose 114*k - 119*k + 5*i = -239420, -95752 = -2*k + 4*i. What is the hundreds digit of k?
8
Suppose 4*k = -s + 48948, 0 = -9*k + 8*k + 4*s + 12254. What is the hundreds digit of k?
2
Let t = -8456 - -15124. What is the hundreds digit of t?
6
Let r(p) = -4*p**3 + 19*p**2 - 9*p + 30. Suppose -i - 5 = -0*i. Let z(j) = -j**3 + j**2 + j. Let t(v) = i*z(v) + r(v). What is the units digit of t(-15)?
5
Let i be (32/14 + -2)/(1/14). Suppose -x + 4*t + 3 = -16, i*x + 2*t = 166. What is the tens digit of 0/(-1) + -20 + x?
1
Let y be 4/(-3)*48/(-32). Suppose -y*f = -5*z + 2205, 12*f - 7*f - 25 = 0. What is the tens digit of z?
4
Let p = 62254 - 38683. What is the ten thousands digit of p?
2
Let i be (-50472)/(-66) - (-6)/22. Suppose 0 = -5*f + 5*n + 6525 - i, 2*f - 2308 = n. What is the units digit of f?
6
Suppose 0 = -4*g + 3*i + 1168 + 4811, g - 4*i = 1498. What is the hundreds digit of (-210)/63*g/(-10)?
4
What is the tens digit of (-2086)/(-2) + (-231)/21?
3
Let j be (-2)/14 - 75/(-35). Let d = 19 - -29. Suppose 5*u - 2*h - 305 = h, -u + d = j*h. What is the tens digit of u?
5
Let a(g) = g - 1. Let o be a(1). Let l be (42/6)/(-7) + (-38 - o). Let r = l - -43. What is the units digit of r?
4
Let n be (-221)/(-4) + 1/(-4). Let g be 95/(-570) + 847/6. Let q = g - n. What is the tens digit of q?
8
What is the thousands digit of ((-14)/56)/(37/(-5804708))?
9
Suppose c - 1113 + 1111 = 0. Let z(n) = 328*n + 3. What is the units digit of z(c)?
9
Let o(w) = 9*w**2 - 71*w - 9. Let a be o(8). What is the hundreds digit of (-4)/(-1) + 193/a*-5?
9
Suppose -2*f = -3*f. Suppose 21399 = 608*k - 671*k - 18102. What is the tens digit of (-15)/(-5) - k/(3 - f)?
1
What is the thousands digit of (-20448)/108*(-111)/2?
0
Suppose 57 = z - 5*w + 19, -3*w = 2*z - 141. Let o be 3/(-2) + (22971/38)/(-39). Let h = o + z. What is the tens digit of h?
4
Let c = -61 + 55. Let m(s) = -s**2. Let n(j) = 7*j**2 + 20*j - 25. Let i(p) = c*m(p) - n(p). What is the tens digit of i(-16)?
8
Let i(p) be the third derivative of -p**4/12 + p**3/2 - 7*p**2. Let x be i(-13). Suppose -4*s + 3*s = -x. What is the tens digit of s?
2
Let m = 5991 + -1412. Suppose 0 = 3*n + 4*i - 3411, m = -2*n + 6*n - 5*i. What is the hundreds digit of n?
1
Let x(z) = 34199*z**2 + 317*z - 315. What is the tens digit of x(1)?
0
Let x = -1089 + 743. Let q = 631 + x. What is the tens digit of q?
8
Let q be 22/4 - 6/4. Suppose -q*y = z + 10 - 5, -3*y = 9. What is the units digit of z*4*5/70?
2
Suppose 9733*j = 9643*j + 4647780. What is the thousands digit of j?
1
Suppose 3*r - 988 = 5*s, -r - 17*s + 12*s = -356. Let g = 721 - r. What is the hundreds digit of g?
3
Suppose 5*k - 30 = 2*n, k - 4*n - 2 = 22. Suppose -x + 3*x - 2562 = -3*z, -k*z + 3433 = -3*x. What is the units digit of z?
6
Let p be (26 + 2)*(-12)/(-42). What is the units digit of 2726/5 - p/40?
5
What is the thousands digit of -5 + (-198 + 172)/((-2)/1811)?
3
What is the tens digit of -3 + (-3 - 0)/(15/(-40)) - -12992?
9
Suppose -b + 4 = 0, -2*m + 3*b = b - 32. Suppose -m*q = -17*q - 105. Let p = -31 + q. What is the units digit of p?
4
Let a(u) = -u**3 + 27*u**2 - 11*u + 79. What is the hundreds digit of a(25)?
0
What is the tens digit of 1 - 260044/(-28) - 8 - (-4)/(-14)?
8
Let p(g) = -1879*g - 2. Let z be p(-2). Suppose y - 3 = 0, -8*h = -4*h - 4*y - z. What is the units digit of h?
2
Suppose 39*u - 340461